{"id":96,"date":"2025-10-27T13:12:39","date_gmt":"2025-10-27T10:12:39","guid":{"rendered":"http:\/\/inanfoods.com\/?page_id=96"},"modified":"2025-10-30T14:36:48","modified_gmt":"2025-10-30T11:36:48","slug":"gokcedag","status":"publish","type":"page","link":"https:\/\/inanfoods.com\/index.php\/gokcedag\/","title":{"rendered":"G\u00f6k\u00e7eda\u011f"},"content":{"rendered":"\t\t<div data-elementor-type=\"wp-page\" data-elementor-id=\"96\" class=\"elementor elementor-96\">\n\t\t\t\t<div class=\"elementor-element elementor-element-3842ce6 e-grid e-con-boxed e-con e-parent\" data-id=\"3842ce6\" data-element_type=\"container\">\n\t\t\t\t\t<div class=\"e-con-inner\">\n\t\t\t\t<div class=\"elementor-element elementor-element-0ee020d elementor-widget elementor-widget-heading\" data-id=\"0ee020d\" data-element_type=\"widget\" data-widget_type=\"heading.default\">\n\t\t\t\t\t<h2 class=\"elementor-heading-title elementor-size-default\">G\u00f6k\u00e7eda\u011f<\/h2>\t\t\t\t<\/div>\n\t\t\t\t\t<\/div>\n\t\t\t\t<\/div>\n\t\t<div class=\"elementor-element elementor-element-ba76108 e-grid e-con-boxed e-con e-parent\" data-id=\"ba76108\" data-element_type=\"container\">\n\t\t\t\t\t<div class=\"e-con-inner\">\n\t\t\t\t<div class=\"elementor-element elementor-element-d08fabe elementor-widget elementor-widget-image\" data-id=\"d08fabe\" data-element_type=\"widget\" data-widget_type=\"image.default\">\n\t\t\t\t\t\t\t\t\t\t\t\t<figure class=\"wp-caption\">\n\t\t\t\t\t\t\t\t\t\t<img fetchpriority=\"high\" decoding=\"async\" width=\"280\" height=\"280\" src=\"https:\/\/inanfoods.com\/wp-content\/uploads\/2025\/10\/GOKCEDAG-SU-BARDAK-200-ML-60-ADET.png\" class=\"attachment-large size-large wp-image-173\" alt=\"\" srcset=\"https:\/\/inanfoods.com\/wp-content\/uploads\/2025\/10\/GOKCEDAG-SU-BARDAK-200-ML-60-ADET.png 280w, https:\/\/inanfoods.com\/wp-content\/uploads\/2025\/10\/GOKCEDAG-SU-BARDAK-200-ML-60-ADET-150x150.png 150w\" sizes=\"(max-width: 280px) 100vw, 280px\" \/>\t\t\t\t\t\t\t\t\t\t\t<figcaption class=\"widget-image-caption wp-caption-text\">G\u00f6k\u00e7eda\u011f Su Bardak 200 ML 60 Adet<\/figcaption>\n\t\t\t\t\t\t\t\t\t\t<\/figure>\n\t\t\t\t\t\t\t\t\t<\/div>\n\t\t\t\t<div class=\"elementor-element elementor-element-e84c2e2 elementor-widget elementor-widget-image\" data-id=\"e84c2e2\" data-element_type=\"widget\" data-widget_type=\"image.default\">\n\t\t\t\t\t\t\t\t\t\t\t\t<figure class=\"wp-caption\">\n\t\t\t\t\t\t\t\t\t\t<img decoding=\"async\" width=\"280\" height=\"280\" src=\"https:\/\/inanfoods.com\/wp-content\/uploads\/2025\/10\/GOKCEDAG-SU-5-LT-4-ADET.png\" class=\"attachment-large size-large wp-image-172\" alt=\"\" srcset=\"https:\/\/inanfoods.com\/wp-content\/uploads\/2025\/10\/GOKCEDAG-SU-5-LT-4-ADET.png 280w, https:\/\/inanfoods.com\/wp-content\/uploads\/2025\/10\/GOKCEDAG-SU-5-LT-4-ADET-150x150.png 150w\" sizes=\"(max-width: 280px) 100vw, 280px\" \/>\t\t\t\t\t\t\t\t\t\t\t<figcaption class=\"widget-image-caption wp-caption-text\">G\u00f6k\u00e7eda\u011f Su 5 LT 4 Adet<\/figcaption>\n\t\t\t\t\t\t\t\t\t\t<\/figure>\n\t\t\t\t\t\t\t\t\t<\/div>\n\t\t\t\t\t<\/div>\n\t\t\t\t<\/div>\n\t\t\t\t<\/div>\n\t\t","protected":false},"excerpt":{"rendered":"<p>G\u00f6k\u00e7eda\u011f G\u00f6k\u00e7eda\u011f Su Bardak 200 ML 60 Adet G\u00f6k\u00e7eda\u011f Su 5 LT 4 Adet<\/p>\n","protected":false},"author":1,"featured_media":0,"parent":0,"menu_order":0,"comment_status":"closed","ping_status":"closed","template":"","meta":{"footnotes":""},"class_list":["post-96","page","type-page","status-publish","hentry"],"_links":{"self":[{"href":"https:\/\/inanfoods.com\/index.php\/wp-json\/wp\/v2\/pages\/96","targetHints":{"allow":["GET"]}}],"collection":[{"href":"https:\/\/inanfoods.com\/index.php\/wp-json\/wp\/v2\/pages"}],"about":[{"href":"https:\/\/inanfoods.com\/index.php\/wp-json\/wp\/v2\/types\/page"}],"author":[{"embeddable":true,"href":"https:\/\/inanfoods.com\/index.php\/wp-json\/wp\/v2\/users\/1"}],"replies":[{"embeddable":true,"href":"https:\/\/inanfoods.com\/index.php\/wp-json\/wp\/v2\/comments?post=96"}],"version-history":[{"count":7,"href":"https:\/\/inanfoods.com\/index.php\/wp-json\/wp\/v2\/pages\/96\/revisions"}],"predecessor-version":[{"id":633,"href":"https:\/\/inanfoods.com\/index.php\/wp-json\/wp\/v2\/pages\/96\/revisions\/633"}],"wp:attachment":[{"href":"https:\/\/inanfoods.com\/index.php\/wp-json\/wp\/v2\/media?parent=96"}],"curies":[{"name":"wp","href":"https:\/\/api.w.org\/{rel}","templated":true}]}}